what is -1 - -100?
88
In base 6, what is 121 + 334?
455
In base 9, what is -1817 - -10?
-1807
In base 14, what is -d7 - 1c?
-115
In base 10, what is 5 - 10?
-5
In base 9, what is -227 - 5?
-233
In base 10, what is 671 + 6?
677
In base 7, what is -10531 - 0?
-10531
In base 11, what is -216 + 3?
-213
In base 6, what is 4 + 0?
4
In base 3, what is -10 + 1221?
1211
In base 2, what is 100 + 1001100?
1010000
In base 10, what is -17 - 23?
-40
In base 8, what is 3 + -200?
-175
In base 3, what is -1 - -221021?
221020
In base 8, what is 16 + -123?
-105
In base 16, what is -f - -76?
67
In base 15, what is 8 + -5?
3
In base 5, what is -3012 - -121?
-2341
In base 9, what is 1330 + 0?
1330
In base 3, what is -2100 - 20?
-2120
In base 9, what is -23 - 53?
-76
In base 10, what is 3850 - 3?
3847
In base 2, what is 1 - -1000110?
1000111
In base 6, what is -1233 + -20?
-1253
In base 10, what is -2 - -1119?
1117
In base 4, what is -2011 + 21?
-1330
In base 7, what is -12 - -101?
56
In base 11, what is 2 + 938?
93a
In base 3, what is 1200021 - 120?
1122201
In base 12, what is 182 + 0?
182
In base 9, what is 563 - 15?
547
In base 6, what is 2 + 20?
22
In base 10, what is -3 + -29?
-32
In base 3, what is -12002 - -101?
-11201
In base 4, what is 1000103 - -3?
1000112
In base 3, what is -1 - 12122222?
-12200000
In base 15, what is c + -1eb?
-1de
In base 4, what is 21 + -12133?
-12112
In base 5, what is -2 - -1023?
1021
In base 13, what is 17b + 1?
17c
In base 7, what is -3 + 1202?
1166
In base 2, what is 100001001 - 11?
100000110
In base 11, what is -13077 + 3?
-13074
In base 14, what is 1 - -ac?
ad
In base 14, what is -d7 - 3?
-da
In base 3, what is -2021022 + 0?
-2021022
In base 6, what is 1042 + -54?
544
In base 4, what is -10 + 22033?
22023
In base 8, what is -276 - 6?
-304
In base 10, what is -1091 + 0?
-1091
In base 9, what is 21 - 1856?
-1835
In base 14, what is -35 - -4?
-31
In base 9, what is -1 + -47?
-48
In base 6, what is -1 - -22?
21
In base 16, what is -20 - 11?
-31
In base 3, what is -12022 + 21?
-12001
In base 13, what is 3 + -565?
-562
In base 11, what is -3147 - -1?
-3146
In base 14, what is -5 - 12a?
-131
In base 16, what is -1 + -e24?
-e25
In base 16, what is 0 - 165d?
-165d
In base 15, what is 4 + -87?
-83
In base 14, what is d - 4?
9
In base 15, what is 5 + -78?
-73
In base 5, what is 3 + 203?
211
In base 11, what is -205 - -3?
-202
In base 12, what is -6 + 17a?
174
In base 3, what is 110 + 0?
110
In base 16, what is 5 + 7?
c
In base 11, what is 15a69 + 5?
15a73
In base 10, what is 12 - -20?
32
In base 16, what is 5 + -d3?
-ce
In base 9, what is 226 + 1?
227
In base 12, what is -39 + -25?
-62
In base 3, what is 11 + 11212?
12000
In base 8, what is -20 + -14?
-34
In base 15, what is -75b + 5?
-756
In base 11, what is -58 + -6a?
-117
In base 14, what is 1b3 - 0?
1b3
In base 4, what is 230201 + 3?
230210
In base 9, what is 0 - -404?
404
In base 2, what is -101 - 111111?
-1000100
In base 3, what is -12111 + 2210?
-2201
In base 7, what is -5 - -343?
335
In base 10, what is 36 + 163?
199
In base 6, what is 55 - 225?
-130
In base 11, what is -4 - 40?
-44
In base 3, what is 12121 - -21?
12212
In base 16, what is -8d - -3?
-8a
In base 7, what is 3 - -213?
216
In base 11, what is 176 + 5?
180
In base 12, what is 0 + 3a2?
3a2
In base 13, what is 57b + 2?
580
In base 7, what is -3 + 1636?
1633
In base 3, what is 20 + -100201?
-100111
In base 15, what is -50 + -5?
-55
In base 15, what is -8b - 5?
-91
In base 6, what is 45430 - 5?
45421
In base 7, what is -2 + -100?
-102
In base 16, what is -c - -5?
-7
In base 6, what is -5411 - -3?
-5404
In base 14, what is 0 - 65b?
-65b
In base 5, what is 1101 - 2?
1044
In base 16, what is 11d - 5?
118
In base 10, what is 58 - -357?
415
In base 7, what is 5 + 132?
140
In base 11, what is 63 - -217?
27a
In base 13, what is 100a8 - 2?
100a6
In base 9, what is 145 - 0?
145
In base 7, what is -2245 - -5?
-2240
In base 3, what is -12001 + -12?
-12020
In base 15, what is 2a - -1e?
49
In base 6, what is 20 - -4141?
4201
In base 16, what is -3835 + 2?
-3833
In base 9, what is 1 - 373?
-372
In base 12, what is -b3 + 10?
-a3
In base 2, what is -11 - -100010?
11111
In base 9, what is 3 + 118?
122
In base 3, what is -111221 - 100?
-112021
In base 12, what is 4 - 996?
-992
In base 2, what is -1010 - 11111?
-101001
In base 7, what is 31 + 11?
42
In base 13, what is 2 + 4a7?
4a9
In base 13, what is -3505 - -2?
-3503
In base 12, what is 0 + -9?
-9
In base 12, what is -5 - 646?
-64b
In base 2, what is 111001 + -1000?
110001
In base 16, what is 10 + 60?
70
In base 15, what is -1 + 804?
803
In base 13, what is 534 + 1?
535
In base 11, what is a - -10?
1a
In base 9, what is -13 - -1080?
1066
In base 16, what is -2c + -9?
-35
In base 5, what is 22210 - -3?
22213
In base 5, what is 12021 - 1?
12020
In base 9, what is -2876 - 1?
-2877
In base 6, what is -3 - 45?
-52
In base 11, what is -945 - 6?
-950
In base 10, what is 85 + 30?
115
In base 15, what is 2 + -23ac?
-23aa
In base 15, what is 1b - -1?
1c
In base 9, what is -175 + 2?
-173
In base 5, what is -42 + -3?
-100
In base 11, what is 2 + 152?
154
In base 4, what is 11 + 311?
322
In base 15, what is 2 + -a6?
-a4
In base 5, what is -2 - 33222?
-33224
In base 4, what is 103 + 1?
110
In base 16, what is -140 - -9?
-137
In base 10, what is -59 + -1?
-60
In base 15, what is 784 - -2?
786
In base 5, what is -233 + 43?
-140
In base 2, what is 111 - -1000011101?
1000100100
In base 15, what is 7 - -26?
2d
In base 14, what is -11276 - -5?
-11271
In base 4, what is -31 + 11?
-20
In base 4, what is -10 + -12122?
-12132
In base 11, what is -4 - -57?
53
In base 9, what is -4 - -56?
52
In base 3, what is -101120011 + -1?
-101120012
In base 6, what is 1 - 51?
-50
In base 7, what is 101 - 2?
66
In base 4, what is 2302 - -110?
3012
In base 16, what is -18ac + -1?
-18ad
In base 11, what is -5a + 37?
-23
In base 16, what is -5 + 347?
342
In base 13, what is 5 - -6b9?
6c1
In base 16, what is 3 - -37?
3a
In base 9, what is 88 + 11?
110
In base 8, what is 3 + -1407?
-1404
In base 8, what is -41 - 4?
-45
In base 8, what is -167 - 3?
-172
In base 9, what is -181 - 3?
-184
In base 4, what is 200203 + 1?
200210
In base 8, what is 303 - 3?
300
In base 11, what is -1 - 54?
-55
In base 9, what is 3 + 28?
32
In base 10, what is 2 + -451?
-449
In base 5, what is -10 + 2?
-3
In base 15, what is -c - c?
-19
In base 14, what is 5 - -51?
56
In base 4, what is -13102 + -31?
-13133
In base 10, what is 68 + -37?
31
In base 4, what is -1312322 - 3?
-1312331
In base 9, what is 1701 - 24?
1666
In base 10, what is -28 + 217?
189
In base 2, what is 100011 - -11111101?
100100000
In base 8, what is -4 + -421?
-425
In base 14, what is -1d + -160?
-17d
In base 3, what is -10010221 - 11?
-10011002
In base 9, what is -241 + -4?
-245
In base 2, what is 10110011000001 - 100?
10110010111101
In base 11, what is 845 + -1?
844
In base 5, what is -11214 - 1?
-11220
In base 11, what is -3 - -1174?
1171
In base 12, what is 1b + 0?
1b
In base 2, what is 111 + 111011?
1000010
In base 9, what is -4302 - -5?
-4286
In base 8, what is -4 + -341?
-345
In base 4, what is 10030 + 103?
10133
In base 14, what is 2 - -203?
205
In base 10, what is 1 - 539?
-538
In base 16, what is 17 + 1f?
36
In base 4, what is 33110 + 20?
33130
In base 8, what is 47 - -5?
54
In base 10, what is 2 + 3844?
3846
In base 11, what is -1 + 1234?
1233
In base 4, what is -12331 + -10?
-13001
In base 7, what is 221533 - -4?
221540
In base 4, what is -321 - 1?
-322
In base 2, what is 10000 + 10010?
100010
In base 12, what is -178 + 5?
-173
In base 11, what is -94 - 0?
-94
In base 16, what is 1 - -20de?
20df
In base 16, what is -21bb + 2?
-21b9
In base 2, what is -1101101 + 1001011?
-100010
In base 10, what is 153 - 0?
153
In base 15, what is -9 + e?
5
In base 10, what is 1 - 148?
-147
In base 15, what is -44 + 0?
-44
In base 9, what is 1 - 68?
-67
In base 13, what is -83 + c?
-74
In base 3, what is 1101 - 2110?
-1002
In base 16, what is -11 - b?
-1c
In base 16, what is -15 - -73?
5e
In base 14, what is ad6 - -2?
ad8
In base 14, what is -79 + 9b?
22
In base 4, what is 0 + 1230?
1230
In base 11, what is -4 + -43?
-47
In base 9, what is -1 - -6?
5
In base 5, what is 334 - 41?
243
In base 1